{"id":8,"date":"2025-07-03T21:16:13","date_gmt":"2025-07-03T21:16:13","guid":{"rendered":"https:\/\/contact.finquessip.com\/?page_id=8"},"modified":"2025-08-20T16:42:09","modified_gmt":"2025-08-20T16:42:09","slug":"contactar","status":"publish","type":"page","link":"https:\/\/contact.finquessip.com\/","title":{"rendered":"Formulari"},"content":{"rendered":"<div class=\"logo-title-container\">\n<p><a href=\"www.finquessip.com\"><img loading=\"lazy\" decoding=\"async\" class=\"logo-sip aligncenter\" src=\"https:\/\/contact.finquessip.com\/Logo%20SIP.png\" alt=\"Logo SIP\" width=\"202\" height=\"135\" \/><\/a><\/p>\n<h1 style=\"text-align: center;\">Sol\u00b7licitud de Lloguer<\/h1>\n<\/div>\n<p>&nbsp;<\/p>\n<p>&nbsp;<\/p>\n<p>Gr\u00e0cies pel seu inter\u00e8s.<\/p>\n<h3><strong>Requisits per llogar aquest immoble:<\/strong><\/h3>\n<p>L\u2019import del lloguer no ha de ser superior al 40 per cent del sou net dels titulars i\/o avalistes.<\/p>\n<p>Ha de disposar de Contracte de treball de mes d\u2019un any d\u2019antiguitat o vida laboral amb suficient antiguitat o avalista que compleixi amb lo exposat.<\/p>\n\n<div class=\"wpcf7 no-js\" id=\"wpcf7-f65-o1\" lang=\"es-ES\" dir=\"ltr\" data-wpcf7-id=\"65\">\n<div class=\"screen-reader-response\"><p role=\"status\" aria-live=\"polite\" aria-atomic=\"true\"><\/p> <ul><\/ul><\/div>\n<form action=\"\/index.php\/wp-json\/wp\/v2\/pages\/8#wpcf7-f65-o1\" method=\"post\" class=\"wpcf7-form init\" aria-label=\"Formulario de contacto\" novalidate=\"novalidate\" data-status=\"init\">\n<fieldset class=\"hidden-fields-container\"><input type=\"hidden\" name=\"_wpcf7\" value=\"65\" \/><input type=\"hidden\" name=\"_wpcf7_version\" value=\"6.1.5\" \/><input type=\"hidden\" name=\"_wpcf7_locale\" value=\"es_ES\" \/><input type=\"hidden\" name=\"_wpcf7_unit_tag\" value=\"wpcf7-f65-o1\" \/><input type=\"hidden\" name=\"_wpcf7_container_post\" value=\"0\" \/><input type=\"hidden\" name=\"_wpcf7_posted_data_hash\" value=\"\" \/><input type=\"hidden\" name=\"_wpcf7cf_hidden_group_fields\" value=\"[]\" \/><input type=\"hidden\" name=\"_wpcf7cf_hidden_groups\" value=\"[]\" \/><input type=\"hidden\" name=\"_wpcf7cf_visible_groups\" value=\"[]\" \/><input type=\"hidden\" name=\"_wpcf7cf_repeaters\" value=\"[]\" \/><input type=\"hidden\" name=\"_wpcf7cf_steps\" value=\"{}\" \/><input type=\"hidden\" name=\"_wpcf7cf_options\" value=\"{&quot;form_id&quot;:65,&quot;conditions&quot;:[{&quot;then_field&quot;:&quot;Gassalariat&quot;,&quot;and_rules&quot;:[{&quot;if_field&quot;:&quot;perfil1&quot;,&quot;operator&quot;:&quot;equals&quot;,&quot;if_value&quot;:&quot;Assalariat&quot;}]},{&quot;then_field&quot;:&quot;Gautonom&quot;,&quot;and_rules&quot;:[{&quot;if_field&quot;:&quot;perfil1&quot;,&quot;operator&quot;:&quot;equals&quot;,&quot;if_value&quot;:&quot;Aut\\u00f2nom&quot;}]},{&quot;then_field&quot;:&quot;Gjubilat&quot;,&quot;and_rules&quot;:[{&quot;if_field&quot;:&quot;perfil1&quot;,&quot;operator&quot;:&quot;equals&quot;,&quot;if_value&quot;:&quot;Jubilat\\\/Pensionista&quot;}]},{&quot;then_field&quot;:&quot;Gavalista&quot;,&quot;and_rules&quot;:[{&quot;if_field&quot;:&quot;perfil1&quot;,&quot;operator&quot;:&quot;equals&quot;,&quot;if_value&quot;:&quot;Avalista&quot;}]}],&quot;settings&quot;:{&quot;animation&quot;:&quot;yes&quot;,&quot;animation_intime&quot;:200,&quot;animation_outtime&quot;:200,&quot;conditions_ui&quot;:&quot;normal&quot;,&quot;notice_dismissed&quot;:false}}\" \/><input type=\"hidden\" name=\"_wpcf7dtx_version\" value=\"5.0.5\" \/>\n<\/fieldset>\n<h2><strong>Dades de contacte<\/strong>\n<\/h2>\n<p><label>Nom:<br \/>\n<span class=\"wpcf7-form-control-wrap dynamic_text-116\" data-name=\"dynamic_text-116\"><input type=\"text\" name=\"dynamic_text-116\" class=\"wpcf7-form-control wpcf7-text wpcf7dtx wpcf7dtx-text\" aria-invalid=\"false\" required=\"required\"><\/span><br \/>\n<\/label>\n<\/p>\n<p><label>Correu electr\u00f2nic:<br \/>\n<span class=\"wpcf7-form-control-wrap dynamic_email-0\" data-name=\"dynamic_email-0\"><input type=\"email\" name=\"dynamic_email-0\" class=\"wpcf7-form-control wpcf7-email wpcf7dtx wpcf7dtx-email wpcf7-validates-as-email\" aria-invalid=\"false\" required=\"required\"><\/span><br \/>\n<\/label>\n<\/p>\n<p><label>DNI\/NIF:<br \/>\n<span class=\"wpcf7-form-control-wrap\" data-name=\"nif\"><input size=\"40\" maxlength=\"9\" minlength=\"9\" class=\"wpcf7-form-control wpcf7-text wpcf7-validates-as-required\" aria-required=\"true\" aria-invalid=\"false\" value=\"\" type=\"text\" name=\"nif\" \/><\/span><br \/>\n<\/label>\n<\/p>\n<p><label>Refer\u00e8ncia:<br \/>\n<span class=\"wpcf7-form-control-wrap dynamic_text-118\" data-name=\"dynamic_text-118\"><input type=\"text\" name=\"dynamic_text-118\" class=\"wpcf7-form-control wpcf7-text wpcf7dtx wpcf7dtx-text\" aria-invalid=\"false\" required=\"required\"><\/span><br \/>\n<\/label>\n<\/p>\n<p><label>Tel\u00e8fon:<br \/>\n<span class=\"wpcf7-form-control-wrap dynamic_text-119\" data-name=\"dynamic_text-119\"><input type=\"text\" name=\"dynamic_text-119\" class=\"wpcf7-form-control wpcf7-text wpcf7dtx wpcf7dtx-text\" aria-invalid=\"false\" required=\"required\"><\/span><br \/>\n<\/label>\n<\/p>\n<span class=\"wpcf7-form-control-wrap preu\" data-name=\"preu\"><input type=\"hidden\" name=\"preu\" class=\"wpcf7-form-control wpcf7-hidden wpcf7dtx wpcf7dtx-hidden\" aria-invalid=\"false\"><\/span>\n<span class=\"wpcf7-form-control-wrap tipus\" data-name=\"tipus\"><input type=\"hidden\" name=\"tipus\" class=\"wpcf7-form-control wpcf7-hidden wpcf7dtx wpcf7dtx-hidden\" aria-invalid=\"false\"><\/span>\n<span class=\"wpcf7-form-control-wrap carpeta\" data-name=\"carpeta\"><input type=\"hidden\" name=\"carpeta\" class=\"wpcf7-form-control wpcf7-hidden wpcf7dtx wpcf7dtx-hidden\" aria-invalid=\"false\"><\/span>\n<hr \/>\n<h3><strong>Sol\u00b7licitud de Lloguer<\/strong>\n<\/h3>\n<p>Ompli aquest formulari i adjunti la documentaci\u00f3 per poder concertar una visita.\n<\/p>\n<h3><strong>Dades Familiars<\/strong>\n<\/h3>\n<p><label>Ingressos nets totals de la unitat familiar (\u20ac):<br \/>\n<span class=\"wpcf7-form-control-wrap\" data-name=\"ingressos\"><input size=\"40\" maxlength=\"400\" class=\"wpcf7-form-control wpcf7-text wpcf7-validates-as-required\" aria-required=\"true\" aria-invalid=\"false\" placeholder=\"Ex: 2500\" value=\"\" type=\"text\" name=\"ingressos\" \/><\/span><br \/>\n<\/label>\n<\/p>\n<p><label>Nombre de membres que viuran al pis:<br \/>\n<span class=\"wpcf7-form-control-wrap\" data-name=\"membres\"><input class=\"wpcf7-form-control wpcf7-number wpcf7-validates-as-required wpcf7-validates-as-number\" min=\"1\" aria-required=\"true\" aria-invalid=\"false\" value=\"\" type=\"number\" name=\"membres\" \/><\/span><br \/>\n<\/label>\n<\/p>\n<p><label>Tenen animals dom\u00e8stics?<br \/>\n<span class=\"wpcf7-form-control-wrap\" data-name=\"animals\"><select class=\"wpcf7-form-control wpcf7-select wpcf7-validates-as-required\" aria-required=\"true\" aria-invalid=\"false\" name=\"animals\"><option value=\"\">&#8212;Por favor, elige una opci\u00f3n&#8212;<\/option><option value=\"S\u00ed\">S\u00ed<\/option><option value=\"No\">No<\/option><\/select><\/span><br \/>\n<\/label>\n<\/p>\n<hr \/>\n<h2><strong>Documentaci\u00f3 a adjuntar<\/strong>\n<\/h2>\n<p><strong>Pots seleccionar m\u00e9s d\u2019una opci\u00f3:<\/strong>\n<\/p>\n<p><span class=\"wpcf7-form-control-wrap\" data-name=\"perfil1\"><span class=\"wpcf7-form-control wpcf7-checkbox wpcf7-validates-as-required\"><span class=\"wpcf7-list-item first\"><label><input type=\"checkbox\" name=\"perfil1[]\" value=\"Assalariat\" \/><span class=\"wpcf7-list-item-label\">Assalariat<\/span><\/label><\/span><span class=\"wpcf7-list-item\"><label><input type=\"checkbox\" name=\"perfil1[]\" value=\"Aut\u00f2nom\" \/><span class=\"wpcf7-list-item-label\">Aut\u00f2nom<\/span><\/label><\/span><span class=\"wpcf7-list-item\"><label><input type=\"checkbox\" name=\"perfil1[]\" value=\"Jubilat\/Pensionista\" \/><span class=\"wpcf7-list-item-label\">Jubilat\/Pensionista<\/span><\/label><\/span><span class=\"wpcf7-list-item last\"><label><input type=\"checkbox\" name=\"perfil1[]\" value=\"Avalista\" \/><span class=\"wpcf7-list-item-label\">Avalista<\/span><\/label><\/span><\/span><\/span>\n<\/p>\n<div data-id=\"Gassalariat\" data-orig_data_id=\"Gassalariat\" data-clear_on_hide class=\"\" data-class=\"wpcf7cf_group\">\n\t<h3><u><b>Documentaci\u00f3 per Assalariats<\/b><\/u>\n\t<\/h3>\n\t<h4><u><b>Dues ultimes n\u00f2mines<\/b><\/u> dels titulars del lloguer.\n\t<\/h4>\n\t<h4>DNI dels titulars del lloguer.\n\t<\/h4>\n\t<h4><u><b>En cas de portar treballant menys d'un any a la empresa actual<\/b><\/u>, caldr\u00e0 adjuntar la vida laboral.\n\t<\/h4>\n<\/div>\n<div data-id=\"Gautonom\" data-orig_data_id=\"Gautonom\" data-clear_on_hide class=\"\" data-class=\"wpcf7cf_group\">\n\t<h3><u><b>Documentaci\u00f3 per Aut\u00f2noms<\/b><\/u>\n\t<\/h3>\n\t<h4>\u00daltims dos rebuts de la quota d'aut\u00f2nom.\n\t<\/h4>\n\t<h4>Copia del DNI.\n\t<\/h4>\n\t<h4>\u00daltima declaraci\u00f3 de la Renda.\n\t<\/h4>\n<\/div>\n<div data-id=\"Gjubilat\" data-orig_data_id=\"Gjubilat\" data-clear_on_hide class=\"\" data-class=\"wpcf7cf_group\">\n\t<h3><u><b>Documentaci\u00f3 per Jubilats i Pensionistes<\/b><\/u>\n\t<\/h3>\n\t<h4>Certificat anual d'ingressos.\n\t<\/h4>\n\t<h4>Copia del DNI.\n\t<\/h4>\n<\/div>\n<div data-id=\"Gavalista\" data-orig_data_id=\"Gavalista\" data-clear_on_hide class=\"\" data-class=\"wpcf7cf_group\">\n\t<h3><u><b>Documentaci\u00f3 per Avalistes<\/b><\/u>\n\t<\/h3>\n\t<h4><u><b>Asalariat<\/b><\/u>: Dues ultimes n\u00f2mines.\n\t<\/h4>\n\t<h4><u><b>Asalariat<\/b><\/u>: <u><b>En cas de portar treballant menys d'un any a la empresa actual<\/b><\/u>, caldr\u00e0 adjuntar la vida laboral.\n\t<\/h4>\n\t<h4><u><b>Aut\u00f2nom<\/b><\/u>: \u00daltims dos rebuts de la quota d'aut\u00f2nom.\n\t<\/h4>\n\t<h4><u><b>Aut\u00f2nom<\/b><\/u>: \u00daltima declaraci\u00f3 de la Renda.\n\t<\/h4>\n\t<h4>DNI dels titulars del lloguer.\n\t<\/h4>\n<\/div>\n<style>\n .drive-btn {\n display: inline-flex;\n align-items: center;\n background-color: #1a73e8;\n color: white;\n font-weight: 600;\n padding: 10px 16px;\n border-radius: 6px;\n text-decoration: none;\n font-size: 16px;\n transition: background-color 0.3s ease;\n margin-bottom: 1em;\n }\n\n .drive-btn:hover {\n background-color: #0c5ad5;\n }\n\n .drive-icon {\n margin-right: 8px;\n font-size: 18px;\n }\n<\/style>\n<hr \/>\n<p><u><b><strong>DOCUMENTO DE CESION DE DOCUMENTACION PARA EL SEGURO DE IMPAGO DE ALQUILER<br \/>\n(podr\u00e1 descargar una copia al finalizar, documentaci\u00f3n solo a efectos de estudio de solvencia)<\/strong><\/b><\/u>\n<\/p>\n<h4>INQUILINO\/S: <span class=\"wpcf7-form-control-wrap dynamic_text-116\" data-name=\"dynamic_text-116\"><input type=\"text\" name=\"dynamic_text-116\" class=\"wpcf7-form-control wpcf7-text wpcf7dtx wpcf7dtx-text\" aria-invalid=\"false\" required=\"required\"><\/span><br \/>\nDNI: <span class=\"wpcf7-form-control-wrap\" data-name=\"nif1\"><input size=\"40\" maxlength=\"9\" minlength=\"9\" class=\"wpcf7-form-control wpcf7-text wpcf7-validates-as-required\" aria-required=\"true\" aria-invalid=\"false\" value=\"\" type=\"text\" name=\"nif1\" \/><\/span>\n<\/h4>\n<h4>INQUILINO\/S: <span class=\"wpcf7-form-control-wrap\" data-name=\"Nombre2\"><input size=\"40\" maxlength=\"400\" class=\"wpcf7-form-control wpcf7-text\" aria-invalid=\"false\" value=\"\" type=\"text\" name=\"Nombre2\" \/><\/span><br \/>\nDNI: <span class=\"wpcf7-form-control-wrap\" data-name=\"nif2\"><input size=\"40\" maxlength=\"9\" minlength=\"9\" class=\"wpcf7-form-control wpcf7-text\" aria-invalid=\"false\" value=\"\" type=\"text\" name=\"nif2\" \/><\/span>\n<\/h4>\n<div data-id=\"Gavalista\" data-orig_data_id=\"Gavalista\" data-clear_on_hide class=\"\" data-class=\"wpcf7cf_group\">\n\t<h4>AVALISTA\/S: <span class=\"wpcf7-form-control-wrap\" data-name=\"NombreA1\"><input size=\"40\" maxlength=\"400\" class=\"wpcf7-form-control wpcf7-text\" aria-invalid=\"false\" value=\"\" type=\"text\" name=\"NombreA1\" \/><\/span><br \/>\nDNI: <span class=\"wpcf7-form-control-wrap\" data-name=\"nifA1\"><input size=\"40\" maxlength=\"9\" minlength=\"9\" class=\"wpcf7-form-control wpcf7-text\" aria-invalid=\"false\" value=\"\" type=\"text\" name=\"nifA1\" \/><\/span>\n\t<\/h4>\n\t<h4>AVALISTA\/S: <span class=\"wpcf7-form-control-wrap\" data-name=\"NombreA2\"><input size=\"40\" maxlength=\"400\" class=\"wpcf7-form-control wpcf7-text\" aria-invalid=\"false\" value=\"\" type=\"text\" name=\"NombreA2\" \/><\/span><br \/>\nDNI: <span class=\"wpcf7-form-control-wrap\" data-name=\"nifA2\"><input size=\"40\" maxlength=\"9\" minlength=\"9\" class=\"wpcf7-form-control wpcf7-text\" aria-invalid=\"false\" value=\"\" type=\"text\" name=\"nifA2\" \/><\/span>\n\t<\/h4>\n<\/div>\n<h4>Con la firma del presente documento consiente expresamente a SIP PENED\u00c8S, S.L. que tratemos los datos contenidos en la documentaci\u00f3n que nos ha proporcionado relativa a su situaci\u00f3n econ\u00f3mica, con la finalidad de cederlos a FARR\u00c9 & FARR\u00c9 CORREDORIA D\u2019ASSEGURANCES SL, y a la aseguradora ARAG SE Sucursal en Espa\u00f1a para que \u00e9sta pueda valorar el riesgo de la suscripci\u00f3n del seguro ARAG Alquiler.<br \/>\nTras el tratamiento descrito los datos se conservar\u00e1n bloqueados durante los plazos legalmente previstos para la atenci\u00f3n de posibles responsabilidades derivadas de aqu\u00e9l. Transcurridos los citados plazos se proceder\u00e1 a su supresi\u00f3n. Puede retirar el consentimiento en cualquier momento, sin que ello afecte a la licitud del tratamiento basado en el consentimiento previo a la retirada\n<\/h4>\n<h4>Tiene derecho a acceder a sus datos personales objeto de tratamiento, as\u00ed como solicitar la rectificaci\u00f3n de los datos inexactos o, en su caso, solicitar su supresi\u00f3n cuando los datos ya no sean necesarios para los fines que fueron recogidos, adem\u00e1s de ejercer el derecho de oposici\u00f3n y limitaci\u00f3n al tratamiento y de portabilidad de los datos. Podr\u00e1 ejercer dichos derechos dirigi\u00e9ndose por escrito a los Responsables del Tratamiento:\n<\/h4>\n<h4>ARAG SE, SUCURSAL EN ESPA\u00d1A, C\/ Roger de Flor, 16, 08018 de Barcelona y de forma electr\u00f3nica a trav\u00e9s de <a href=\"mailto:lopd@arag.es\">lopd@arag.es<\/a>.\n<\/h4>\n<h4> FARR\u00c9 & FARR\u00c9 CORREDORIA D\u2019ASSEGURANCES SL, Pla\u00e7a Estaci\u00f3 4 bis baixos de Vilafranca del Pened\u00e9s y de forma electr\u00f3nica a trav\u00e9s de <a href=\"mailto:vilafranca@corredoriafarre.com\">vilafranca@corredoriafarre.com<\/a>.\n<\/h4>\n<h4> En el caso de que no haya obtenido satisfacci\u00f3n en el ejercicio de sus derechos puede presentar una reclamaci\u00f3n ante la Agencia Espa\u00f1ola de Protecci\u00f3n de Datos.\n<\/h4>\n<h4>FECHA: <span class=\"wpcf7-form-control-wrap\" data-name=\"fecha\"><input class=\"wpcf7-form-control wpcf7-date wpcf7-validates-as-date\" aria-invalid=\"false\" value=\"\" type=\"date\" name=\"fecha\" \/><\/span><br \/>\nIMPORTE RENTA ALQUILER: <span class=\"wpcf7-form-control-wrap dynamic_text-106\" data-name=\"dynamic_text-106\"><input type=\"text\" name=\"dynamic_text-106\" class=\"wpcf7-form-control wpcf7-text wpcf7dtx wpcf7dtx-text\" aria-invalid=\"false\" required=\"required\"><\/span> \u20ac\n<\/h4>\n<h4>INQUILINO: <span class=\"wpcf7-form-control-wrap dynamic_text-116\" data-name=\"dynamic_text-116\"><input type=\"text\" name=\"dynamic_text-116\" class=\"wpcf7-form-control wpcf7-text wpcf7dtx wpcf7dtx-text\" aria-invalid=\"false\" required=\"required\"><\/span><br \/>\nDNI: <span class=\"wpcf7-form-control-wrap\" data-name=\"nif3\"><input size=\"40\" maxlength=\"9\" minlength=\"9\" class=\"wpcf7-form-control wpcf7-text wpcf7-validates-as-required\" aria-required=\"true\" aria-invalid=\"false\" value=\"\" type=\"text\" name=\"nif3\" \/><\/span><br \/>\nFirma:<br \/>\n<div class=\"dscf7_signature\">\n\t\t\t<div class=\"dscf7_signature_inner\">\n\t\t\t\t<canvas id=\"digital_signature-pad_signatureIN1\" name=\"signatureIN1\" class=\"digital_signature-pad\" color=\"#000000\" backcolor=\"#f5f5f5\" width=\"400\" height=\"200\"><\/canvas>\n\t\t\t\t<input class=\"clearButton\" type=\"button\" value=\"+\">\n\t\t\t<\/div>\n\t\t\t<span class=\"wpcf7-form-control-wrap signatureIN1\" data-name=\"signatureIN1\">\n\t\t\t\t<input class=\"wpcf7-form-control wpcf7-signature wpcf7-validates-as-required wpcf7-validates-as-signature dscf7-signature\" value=\"\" type=\"hidden\" name=\"signatureIN1\"\/>\n\t\t\t\t<input type=\"hidden\" name=\"signatureIN1-attachment\" class=\"wpcf7_input_signatureIN1_attachment\"\/>\n\t\t\t\t<input type=\"hidden\" name=\"signatureIN1-inline\" class=\"wpcf7_input_signatureIN1_inline\"\/>\n\t\t\t<\/span>\n\t\t<\/div><br \/>\nINQUILINO: <span class=\"wpcf7-form-control-wrap\" data-name=\"Nombre2\"><input size=\"40\" maxlength=\"400\" class=\"wpcf7-form-control wpcf7-text\" aria-invalid=\"false\" value=\"\" type=\"text\" name=\"Nombre2\" \/><\/span><br \/>\nDNI: <span class=\"wpcf7-form-control-wrap\" data-name=\"nif2\"><input size=\"40\" maxlength=\"9\" minlength=\"9\" class=\"wpcf7-form-control wpcf7-text\" aria-invalid=\"false\" value=\"\" type=\"text\" name=\"nif2\" \/><\/span><br \/>\nFirma:<br \/>\n<div class=\"dscf7_signature\">\n\t\t\t<div class=\"dscf7_signature_inner\">\n\t\t\t\t<canvas id=\"digital_signature-pad_signatureIN2\" name=\"signatureIN2\" class=\"digital_signature-pad\" color=\"#000000\" backcolor=\"#f5f5f5\" width=\"400\" height=\"200\"><\/canvas>\n\t\t\t\t<input class=\"clearButton\" type=\"button\" value=\"+\">\n\t\t\t<\/div>\n\t\t\t<span class=\"wpcf7-form-control-wrap signatureIN2\" data-name=\"signatureIN2\">\n\t\t\t\t<input class=\"wpcf7-form-control wpcf7-signature wpcf7-validates-as-signature dscf7-signature\" value=\"\" type=\"hidden\" name=\"signatureIN2\"\/>\n\t\t\t\t<input type=\"hidden\" name=\"signatureIN2-attachment\" class=\"wpcf7_input_signatureIN2_attachment\"\/>\n\t\t\t\t<input type=\"hidden\" name=\"signatureIN2-inline\" class=\"wpcf7_input_signatureIN2_inline\"\/>\n\t\t\t<\/span>\n\t\t<\/div><br \/>\n\t<div data-id=\"Gavalista\" data-orig_data_id=\"Gavalista\" data-clear_on_hide class=\"\" data-class=\"wpcf7cf_group\">\n\t\t<p>AVALISTA: <span class=\"wpcf7-form-control-wrap\" data-name=\"NombreA1\"><input size=\"40\" maxlength=\"400\" class=\"wpcf7-form-control wpcf7-text\" aria-invalid=\"false\" value=\"\" type=\"text\" name=\"NombreA1\" \/><\/span><br \/>\nDNI: <span class=\"wpcf7-form-control-wrap\" data-name=\"nifA1\"><input size=\"40\" maxlength=\"9\" minlength=\"9\" class=\"wpcf7-form-control wpcf7-text\" aria-invalid=\"false\" value=\"\" type=\"text\" name=\"nifA1\" \/><\/span><br \/>\nFirma:\n\t\t<\/p>\n\t\t<p><div class=\"dscf7_signature\">\n\t\t\t<div class=\"dscf7_signature_inner\">\n\t\t\t\t<canvas id=\"digital_signature-pad_signatureAV1\" name=\"signatureAV1\" class=\"digital_signature-pad\" color=\"#000000\" backcolor=\"#f5f5f5\" width=\"400\" height=\"200\"><\/canvas>\n\t\t\t\t<input class=\"clearButton\" type=\"button\" value=\"+\">\n\t\t\t<\/div>\n\t\t\t<span class=\"wpcf7-form-control-wrap signatureAV1\" data-name=\"signatureAV1\">\n\t\t\t\t<input class=\"wpcf7-form-control wpcf7-signature wpcf7-validates-as-signature dscf7-signature\" value=\"\" type=\"hidden\" name=\"signatureAV1\"\/>\n\t\t\t\t<input type=\"hidden\" name=\"signatureAV1-attachment\" class=\"wpcf7_input_signatureAV1_attachment\"\/>\n\t\t\t\t<input type=\"hidden\" name=\"signatureAV1-inline\" class=\"wpcf7_input_signatureAV1_inline\"\/>\n\t\t\t<\/span>\n\t\t<\/div>\n\t\t<\/p>\n\t\t<p>AVALISTA: <span class=\"wpcf7-form-control-wrap\" data-name=\"NombreA2\"><input size=\"40\" maxlength=\"400\" class=\"wpcf7-form-control wpcf7-text\" aria-invalid=\"false\" value=\"\" type=\"text\" name=\"NombreA2\" \/><\/span><br \/>\nDNI: <span class=\"wpcf7-form-control-wrap\" data-name=\"nifA2\"><input size=\"40\" maxlength=\"9\" minlength=\"9\" class=\"wpcf7-form-control wpcf7-text\" aria-invalid=\"false\" value=\"\" type=\"text\" name=\"nifA2\" \/><\/span><br \/>\nFirma:\n\t\t<\/p>\n\t\t<p><div class=\"dscf7_signature\">\n\t\t\t<div class=\"dscf7_signature_inner\">\n\t\t\t\t<canvas id=\"digital_signature-pad_signatureAV2\" name=\"signatureAV2\" class=\"digital_signature-pad\" color=\"#000000\" backcolor=\"#f5f5f5\" width=\"400\" height=\"200\"><\/canvas>\n\t\t\t\t<input class=\"clearButton\" type=\"button\" value=\"+\">\n\t\t\t<\/div>\n\t\t\t<span class=\"wpcf7-form-control-wrap signatureAV2\" data-name=\"signatureAV2\">\n\t\t\t\t<input class=\"wpcf7-form-control wpcf7-signature wpcf7-validates-as-signature dscf7-signature\" value=\"\" type=\"hidden\" name=\"signatureAV2\"\/>\n\t\t\t\t<input type=\"hidden\" name=\"signatureAV2-attachment\" class=\"wpcf7_input_signatureAV2_attachment\"\/>\n\t\t\t\t<input type=\"hidden\" name=\"signatureAV2-inline\" class=\"wpcf7_input_signatureAV2_inline\"\/>\n\t\t\t<\/span>\n\t\t<\/div>\n\t\t<\/p>\n\t<\/div>\n<\/h4>\n<hr \/>\n<h3>Comentaris addicionals (opcional)\n<\/h3>\n<p><span class=\"wpcf7-form-control-wrap\" data-name=\"missatge\"><textarea cols=\"40\" rows=\"10\" maxlength=\"2000\" class=\"wpcf7-form-control wpcf7-textarea\" aria-invalid=\"false\" placeholder=\"Escrigui aqu\u00ed qualsevol aclariment...\" name=\"missatge\"><\/textarea><\/span>\n<\/p>\n<p><span class=\"wpcf7-form-control-wrap\" data-name=\"privacy\"><span class=\"wpcf7-form-control wpcf7-acceptance\"><span class=\"wpcf7-list-item\"><label><input type=\"checkbox\" name=\"privacy\" value=\"1\" aria-invalid=\"false\" \/><span class=\"wpcf7-list-item-label\">He llegit i accepto la <a href=\"https:\/\/contact.finquessip.com\/index.php\/75-2\/\" target=\"_blank\" style=\"color: blue; text-decoration: underline;\">pol\u00edtica de privacitat.<\/a><\/span><\/label><\/span><\/span><\/span>\n<\/p>\n<p><input class=\"wpcf7-form-control wpcf7-submit has-spinner\" type=\"submit\" value=\"Enviar sol\u00b7licitud\" \/>\n<\/p><div class=\"wpcf7-response-output\" aria-hidden=\"true\"><\/div>\n<\/form>\n<\/div>\n\n<div id=\"pdf-download\" style=\"display:none;\">\n  \n<\/div>\n","protected":false},"excerpt":{"rendered":"<p>Sol\u00b7licitud de Lloguer &nbsp; &nbsp; Gr\u00e0cies pel seu inter\u00e8s. Requisits per llogar aquest immoble: L\u2019import del lloguer no ha de ser superior al 40 per cent del sou net dels titulars i\/o avalistes. Ha de disposar de Contracte de treball de mes d\u2019un any d\u2019antiguitat o vida laboral amb suficient antiguitat o avalista que compleixi [&hellip;]<\/p>\n","protected":false},"author":1,"featured_media":0,"parent":0,"menu_order":0,"comment_status":"closed","ping_status":"closed","template":"","meta":{"footnotes":""},"class_list":["post-8","page","type-page","status-publish","hentry"],"_links":{"self":[{"href":"https:\/\/contact.finquessip.com\/index.php\/wp-json\/wp\/v2\/pages\/8","targetHints":{"allow":["GET"]}}],"collection":[{"href":"https:\/\/contact.finquessip.com\/index.php\/wp-json\/wp\/v2\/pages"}],"about":[{"href":"https:\/\/contact.finquessip.com\/index.php\/wp-json\/wp\/v2\/types\/page"}],"author":[{"embeddable":true,"href":"https:\/\/contact.finquessip.com\/index.php\/wp-json\/wp\/v2\/users\/1"}],"replies":[{"embeddable":true,"href":"https:\/\/contact.finquessip.com\/index.php\/wp-json\/wp\/v2\/comments?post=8"}],"version-history":[{"count":53,"href":"https:\/\/contact.finquessip.com\/index.php\/wp-json\/wp\/v2\/pages\/8\/revisions"}],"predecessor-version":[{"id":91,"href":"https:\/\/contact.finquessip.com\/index.php\/wp-json\/wp\/v2\/pages\/8\/revisions\/91"}],"wp:attachment":[{"href":"https:\/\/contact.finquessip.com\/index.php\/wp-json\/wp\/v2\/media?parent=8"}],"curies":[{"name":"wp","href":"https:\/\/api.w.org\/{rel}","templated":true}]}}